{"id":35,"date":"2024-05-10T14:03:38","date_gmt":"2024-05-10T12:03:38","guid":{"rendered":"https:\/\/www.prix-colette-kreder.fr\/?page_id=35"},"modified":"2024-08-23T12:09:25","modified_gmt":"2024-08-23T10:09:25","slug":"epf","status":"publish","type":"page","link":"https:\/\/www.prix-colette-kreder.fr\/?page_id=35","title":{"rendered":"EPF"},"content":{"rendered":"<p>[et_pb_section fb_built=\u00a0\u00bb1&Prime; _builder_version=\u00a0\u00bb4.25.1&Prime; _module_preset=\u00a0\u00bbdefault\u00a0\u00bb global_colors_info=\u00a0\u00bb{}\u00a0\u00bb][et_pb_row _builder_version=\u00a0\u00bb4.25.1&Prime; _module_preset=\u00a0\u00bbdefault\u00a0\u00bb global_colors_info=\u00a0\u00bb{}\u00a0\u00bb][et_pb_column type=\u00a0\u00bb4_4&Prime; _builder_version=\u00a0\u00bb4.25.1&Prime; _module_preset=\u00a0\u00bbdefault\u00a0\u00bb global_colors_info=\u00a0\u00bb{}\u00a0\u00bb][et_pb_text _builder_version=\u00a0\u00bb4.25.1&Prime; _module_preset=\u00a0\u00bbdefault\u00a0\u00bb global_colors_info=\u00a0\u00bb{}\u00a0\u00bb]<\/p>\n<p><b>DES DATES QUI COMPTENT<\/b><\/p>\n<ul>\n<li>L\u2019Institut Electrom\u00e9canique F\u00e9minin, cr\u00e9\u00e9 en 1925, par Marie-Louise PARIS, devient <b>l\u2019Ecole Polytechnique F\u00e9minine (EPF)<\/b>, en 1933, pour s\u2019ouvrir \u00e0 de nouvelles sciences, telles l\u2019a\u00e9ronautique, puis l\u2019informatique, \u2026.<\/li>\n<li>En 1938, l\u2019EPF obtient l\u2019habilit\u00e9 \u00e0 d\u00e9livrer le titre d\u2019ing\u00e9nieur.<\/li>\n<li>En 1943 elle est reconnue par l&rsquo;\u00c9tat.<\/li>\n<li>En 1976, l\u2019\u00e9cole devient membre de la conf\u00e9rence des Grandes Ecoles.<\/li>\n<li>En 1993, elle int\u00e8gre l\u2019Union des Grandes \u00c9coles Ind\u00e9pendantes apr\u00e8s avoir obtenu le statut de fondation reconnue d\u2019utilit\u00e9 publique en 1991.<\/li>\n<\/ul>\n<p><b>L\u2019EVOLUTION DE L\u2019EPF DEPUIS 1925<\/b><\/p>\n<ul>\n<li>De 2 ann\u00e9es d\u2019\u00e9tudes en 1925, 3 ann\u00e9es en 1933, 4 ann\u00e9es en 1980, l\u2019\u00e9cole est \u00e0 5 ann\u00e9es d\u2019\u00e9tudes depuis 2000.<\/li>\n<li>Jusqu\u2019en 1956, les \u00e9l\u00e8ves squattent dans les locaux de lyc\u00e9es ou grandes \u00e9coles parisiens. L\u2019\u00e9cole d\u00e9m\u00e9nage alors \u00e0 Sceaux, dans la demeure que vient d\u2019acheter Marie Louise PARIS et s\u2019installe \u00e0 Cachan en 2021 dans de grands locaux.<\/li>\n<li>De quelques \u00e9l\u00e8ves \u00e0 sa cr\u00e9ation, l\u2019EPF compte 80 \u00e9l\u00e8ves \u00e0 la fin des ann\u00e9es 50, 150 dans la d\u00e9cennie 70\u2026 et plus de 450 &#8211; depuis 2020 \u2013 r\u00e9partis sur les diff\u00e9rents campus : Cachan, Troyes (2010), Montpellier (2012), Saint-Nazaire (2023).<\/li>\n<li>Un campus EPF ouvre un campus \u00e0 Dakar (S\u00e9n\u00e9gal) en 2022.<\/li>\n<li>Les hommes sont admis \u00e0 l\u2019EPF depuis 1994 mais le plan strat\u00e9gique de l\u2019EPF pr\u00e9voit 50% de femmes dans tous les programmes pour revenir \u00e0 sa mission d\u2019origine.<\/li>\n<\/ul>\n<p>[\/et_pb_text][et_pb_image src=\u00a0\u00bbhttps:\/\/www.prix-colette-kreder.fr\/wp-content\/uploads\/2024\/08\/epf.jpg\u00a0\u00bb title_text=\u00a0\u00bbepf\u00a0\u00bb url=\u00a0\u00bbhttp:\/\/www.epf.fr\u00a0\u00bb align=\u00a0\u00bbcenter\u00a0\u00bb _builder_version=\u00a0\u00bb4.25.1&Prime; _module_preset=\u00a0\u00bbdefault\u00a0\u00bb global_colors_info=\u00a0\u00bb{}\u00a0\u00bb][\/et_pb_image][et_pb_text _builder_version=\u00a0\u00bb4.25.1&Prime; _module_preset=\u00a0\u00bbdefault\u00a0\u00bb link_option_url=\u00a0\u00bbwww.epf.fr\u00a0\u00bb global_colors_info=\u00a0\u00bb{}\u00a0\u00bb]D\u00e9couvrez l&rsquo;EPF[\/et_pb_text][\/et_pb_column][\/et_pb_row][et_pb_row _builder_version=\u00a0\u00bb4.25.1&Prime; _module_preset=\u00a0\u00bbdefault\u00a0\u00bb][et_pb_column _builder_version=\u00a0\u00bb4.25.1&Prime; _module_preset=\u00a0\u00bbdefault\u00a0\u00bb type=\u00a0\u00bb4_4&Prime;][et_pb_text _builder_version=\u00a0\u00bb4.25.1&Prime; _module_preset=\u00a0\u00bbdefault\u00a0\u00bb hover_enabled=\u00a0\u00bb0&Prime; sticky_enabled=\u00a0\u00bb0&Prime; background_color=\u00a0\u00bb#000000&Prime;]<\/p>\n<h2><span style=\"color: #ffffff;\"><b>Actions de l\u2019EPF en faveur de la parit\u00e9<\/b><\/span><\/h2>\n<p>[\/et_pb_text][\/et_pb_column][\/et_pb_row][et_pb_row _builder_version=\u00a0\u00bb4.25.1&Prime; _module_preset=\u00a0\u00bbdefault\u00a0\u00bb][et_pb_column _builder_version=\u00a0\u00bb4.25.1&Prime; _module_preset=\u00a0\u00bbdefault\u00a0\u00bb type=\u00a0\u00bb4_4&Prime;][et_pb_text _builder_version=\u00a0\u00bb4.25.1&Prime; _module_preset=\u00a0\u00bbdefault\u00a0\u00bb hover_enabled=\u00a0\u00bb0&Prime; sticky_enabled=\u00a0\u00bb0&Prime;]<\/p>\n<h3>L&rsquo;incubAct&rsquo;Her, un dispositif de soutien \u00e0 l&rsquo;entrepreneuriat f\u00e9minin de la\u00a0<span style=\"color: #3366ff;\">#FondationEPF\u00a0<span style=\"color: #000000;\">et de\u00a0 l&rsquo;<span style=\"color: #3366ff;\">EPF Engineering School<span style=\"color: #000000;\">.<\/span><\/span><\/span><\/span><\/h3>\n<p><span style=\"color: #3366ff;\"><span style=\"color: #000000;\"><span style=\"color: #3366ff;\"><span style=\"color: #000000;\"><\/span><\/span><\/span><\/span><\/p>\n<p>[\/et_pb_text][\/et_pb_column][\/et_pb_row][et_pb_row _builder_version=\u00a0\u00bb4.25.1&Prime; _module_preset=\u00a0\u00bbdefault\u00a0\u00bb column_structure=\u00a0\u00bb1_2,1_2&Prime;][et_pb_column _builder_version=\u00a0\u00bb4.25.1&Prime; _module_preset=\u00a0\u00bbdefault\u00a0\u00bb type=\u00a0\u00bb1_2&Prime;][et_pb_image src=\u00a0\u00bbhttps:\/\/www.prix-colette-kreder.fr\/wp-content\/uploads\/2024\/08\/incub1.png\u00a0\u00bb _builder_version=\u00a0\u00bb4.25.1&Prime; _module_preset=\u00a0\u00bbdefault\u00a0\u00bb title_text=\u00a0\u00bbincub1&Prime; hover_enabled=\u00a0\u00bb0&Prime; sticky_enabled=\u00a0\u00bb0&Prime;][\/et_pb_image][\/et_pb_column][et_pb_column _builder_version=\u00a0\u00bb4.25.1&Prime; _module_preset=\u00a0\u00bbdefault\u00a0\u00bb type=\u00a0\u00bb1_2&Prime;][et_pb_image src=\u00a0\u00bbhttps:\/\/www.prix-colette-kreder.fr\/wp-content\/uploads\/2024\/08\/incub2.png\u00a0\u00bb _builder_version=\u00a0\u00bb4.25.1&Prime; _module_preset=\u00a0\u00bbdefault\u00a0\u00bb title_text=\u00a0\u00bbincub2&Prime; hover_enabled=\u00a0\u00bb0&Prime; sticky_enabled=\u00a0\u00bb0&Prime;][\/et_pb_image][\/et_pb_column][\/et_pb_row][\/et_pb_section]<\/p>\n","protected":false},"excerpt":{"rendered":"<p>DES DATES QUI COMPTENT L\u2019Institut Electrom\u00e9canique F\u00e9minin, cr\u00e9\u00e9 en 1925, par Marie-Louise PARIS, devient l\u2019Ecole Polytechnique F\u00e9minine (EPF), en 1933, pour s\u2019ouvrir \u00e0 de nouvelles sciences, telles l\u2019a\u00e9ronautique, puis l\u2019informatique, \u2026. En 1938, l\u2019EPF obtient l\u2019habilit\u00e9 \u00e0 d\u00e9livrer le titre d\u2019ing\u00e9nieur. En 1943 elle est reconnue par l&rsquo;\u00c9tat. En 1976, l\u2019\u00e9cole devient membre de la [&hellip;]<\/p>\n","protected":false},"author":1,"featured_media":0,"parent":0,"menu_order":0,"comment_status":"closed","ping_status":"closed","template":"","meta":{"_et_pb_use_builder":"on","_et_pb_old_content":"","_et_gb_content_width":"","footnotes":""},"class_list":["post-35","page","type-page","status-publish","hentry"],"_links":{"self":[{"href":"https:\/\/www.prix-colette-kreder.fr\/index.php?rest_route=\/wp\/v2\/pages\/35","targetHints":{"allow":["GET"]}}],"collection":[{"href":"https:\/\/www.prix-colette-kreder.fr\/index.php?rest_route=\/wp\/v2\/pages"}],"about":[{"href":"https:\/\/www.prix-colette-kreder.fr\/index.php?rest_route=\/wp\/v2\/types\/page"}],"author":[{"embeddable":true,"href":"https:\/\/www.prix-colette-kreder.fr\/index.php?rest_route=\/wp\/v2\/users\/1"}],"replies":[{"embeddable":true,"href":"https:\/\/www.prix-colette-kreder.fr\/index.php?rest_route=%2Fwp%2Fv2%2Fcomments&post=35"}],"version-history":[{"count":6,"href":"https:\/\/www.prix-colette-kreder.fr\/index.php?rest_route=\/wp\/v2\/pages\/35\/revisions"}],"predecessor-version":[{"id":72,"href":"https:\/\/www.prix-colette-kreder.fr\/index.php?rest_route=\/wp\/v2\/pages\/35\/revisions\/72"}],"wp:attachment":[{"href":"https:\/\/www.prix-colette-kreder.fr\/index.php?rest_route=%2Fwp%2Fv2%2Fmedia&parent=35"}],"curies":[{"name":"wp","href":"https:\/\/api.w.org\/{rel}","templated":true}]}}